me number?
False
Let t(v) = 7412*v**3 + 2*v**2 + 18*v + 1. Is t(4) a composite number?
True
Let r(h) = 331630*h**2 - 134*h + 133. Is r(1) composite?
True
Let t = -16220 + 11066. Let c = t + 7717. Is c prime?
False
Let b = 1686733 - 1102484. Is b composite?
False
Let m(l) = 161*l**3 - 8*l**2 + 18*l - 6. Let n be m(3). Suppose n = 2*h + 1009. Is h composite?
False
Suppose -6 = -5*c + 4*g, 0 = -5*c - 36*g + 31*g + 15. Suppose -8778 = -2*x - 4*m, 2*x + c*x = 4*m + 17568. Is x prime?
True
Let m(v) = 143*v - 98. Let b(h) = -h**2 + 31*h + 41. Let y be b(32). Is m(y) a prime number?
False
Let x = 201990 - 122509. Is x a prime number?
True
Suppose -3*o = -g - 34 - 37, -o = -g - 79. Let s = g + 157. Is s prime?
False
Let q be ((-169870)/8)/(-5) + (-15)/(-60). Suppose -6*a - 437 + q = 0. Is a a prime number?
False
Let y be 4/((-1 + 2)*-2). Is (-23116)/(-4)*-2*y/4 a prime number?
True
Suppose -5*a + 48 = 3*c, -2*a + 42 = -3*c + 6. Let u(r) = 95*r + 215. Is u(a) prime?
False
Let g(p) = -960*p - 59. Let c be g(7). Is c/(-8)*(-3 + 11) a composite number?
False
Suppose 73*o - 84*o + 33 = 0. Suppose -4*y = 4*j - 4568, 3*j = -3*y - 2*y + 5700. Suppose -o*n = -0*n - y. Is n a prime number?
True
Let k(f) = -2*f + 7*f + 105*f**2 + 47 - 10*f. Is k(5) composite?
False
Let t be 1/(-1 - 42/(-39)). Let s(c) = c**2 - 13*c + 20. Let a be s(t). Is (-11926)/(-10) - (-8)/a a composite number?
False
Suppose 0 = -3*n + 4*h + 47, -8*h + 4*h - 29 = -n. Suppose -n*o + 10263 = -3570. Is o composite?
True
Suppose 19*d - 21*d + 8908 = 0. Is d/8 + 26/104 a prime number?
True
Let h(r) = -r**3 - 2*r**2 + 54*r - 12. Let y be h(6). Suppose -2*o = -y*o + 196306. Is o a prime number?
True
Let x(s) be the second derivative of s**4/12 - s**3/6 + 5*s**2 - 26*s. Let n be x(0). Suppose -n*v - 3223 + 28253 = 0. Is v a composite number?
False
Let c(j) = 2732*j - 2313. Is c(67) a prime number?
True
Let n = 687571 - 247920. Is n a composite number?
True
Let s = 5676 - 3137. Suppose -19*j = -23*j + 5*x + s, 2*x + 6 = 0. Is j a prime number?
True
Let a be 1947/22 - (-2)/4. Suppose 84*d - 30 = a*d. Is (10/d)/(3*(-6)/378) a composite number?
True
Let w(o) = 1237*o**2 + 74*o + 86. Is w(-11) a composite number?
False
Suppose 5*s + 560829 = 8*v, 36 - 32 = -4*s. Is v prime?
False
Is 5010612/284*(6/(-4) + 2)*2 a prime number?
False
Let l(y) = -y**3 + y**2 + 1. Let w(p) = -7*p**3 - 7*p**2 + 19*p - 13. Let s(h) = 6*l(h) - w(h). Suppose 25*d + 112 = 17*d. Is s(d) a composite number?
False
Let v be (260/6)/(-1 + (-686)/(-684)). Suppose -30665 = -11*a + v. Suppose -x + a - 1022 = 0. Is x prime?
False
Let b(m) = 14*m**2 - 6*m + 73. Suppose -192 = 3*f - 19*f. Is b(f) a composite number?
False
Suppose 90195 = 5*t + 5*z, -4*z + 18033 = 7*t - 6*t. Is t a composite number?
False
Suppose 2*q - l = 1, -q - 8*l + 11*l = 7. Suppose h - t = 12737, -2*t = 4*h - q*h - 25474. Is h prime?
False
Suppose b = -4*b + 2*t + 63, 5*b = 5*t + 75. Suppose -b = y - 18. Suppose 4*i - 5*f = 20, -y*f + 2*f = -2*i. Is i prime?
False
Let a be (-3 + (-10)/4)*(-40056)/(-12). Let m = -11538 - a. Is m prime?
False
Let f = 324944 - 102873. Is f a prime number?
False
Let w = 469706 + -931202. Is 7/2 - 1 - w/48 a composite number?
True
Suppose 0 = 7*d - 4*d + 75. Let x(p) = 5*p - 53 + 4*p**2 - 5*p**2 + 5*p**2 + 11*p. Is x(d) composite?
True
Let v = -263742 + 457391. Is v a prime number?
True
Let v = 64860 - 26618. Suppose 15*c = -6007 + v. Is c prime?
False
Suppose -12*u = -0*u + 1080. Let f = u - -94. Suppose z - 1990 = -z - f*g, -z = -g - 989. Is z a composite number?
False
Suppose 50*b - 34332771 = 17*b. Is b a composite number?
False
Let b(t) = -18*t + 185. Let a be b(10). Suppose a*q - 23464 = -3*h, 3*h = q - 0*q - 4682. Is q prime?
True
Suppose -5*h + 3*q + 978578 = -711530, -5*h + 1690189 = 6*q. Is h a composite number?
False
Let a = 153175 + -62588. Is a prime?
False
Let b = -16 - -28. Suppose -178828 = -4*x + 23*x. Is 8/b + x/(-12) a composite number?
True
Let v(x) = 11*x - 33. Let i be v(8). Let b = i + -59. Is (-3 - b) + -1 - -142 composite?
True
Suppose -10479 = -2*v + a, -3030 = -2*v + 3*a + 7455. Let p = v + -330. Is p/4*3/9 a composite number?
False
Let b = -502 - 263. Let w = b + 1384. Is w prime?
True
Let j = 2930 + 147. Let a = 6648 - j. Is a a prime number?
True
Let y = 42 + -38. Suppose 0 = -2*f + 5*r - 40, y*f + 47 = -2*r - 9. Let o = f + 424. Is o composite?
False
Let g = 915 - 329. Suppose -g = 14*a - 2420. Is a a prime number?
True
Suppose 5*d + 4*n - 39 = 0, n = -d - n + 3. Suppose d + 3 = -2*i. Is (i/(-3) + -2)*1221 prime?
False
Suppose -3*n - d - 6 = -5*n, 10 = -5*d. Let o(v) = -32*v - 6. Let t(x) = 33*x + 5. Let k(s) = 6*o(s) + 7*t(s). Is k(n) a composite number?
True
Suppose 3*q + 0*t - 2316 = 2*t, -5*q - t + 3860 = 0. Suppose 2*w - 3824 = -5*s, 4*s - 3*s - 2*w - q = 0. Is s prime?
False
Let m(k) = 21*k**2 + 3*k + 1. Let o = 42 - 33. Let v(s) = -s**3 + 8*s**2 + 8*s + 3. Let n be v(o). Is m(n) composite?
False
Let t(w) = w**3 + 3*w**2 + w + 8. Let i be t(-3). Let a = -5 + 7. Suppose 3*d - i*y = 1710, 3*y + 7 = -a. Is d prime?
False
Suppose 27 = -20*c - 93. Is (-37904)/(-10) + c/(-10) prime?
False
Suppose 3*w - 423771 = -3*r, -101*w + 97*w + 565016 = 2*r. Is w composite?
True
Let k(m) = -25715*m**3 - 3*m**2 + 20*m + 109. Is k(-3) composite?
False
Let s be 0 + 2 + -4 + 746. Let t be (-1)/4 + 31619/28 + -6. Let q = t - s. Is q prime?
True
Let w = 154 + -146. Suppose w*g + 3634 = 10*g. Is g composite?
True
Let z be 49/(-98)*(-1 - 1 - 16). Suppose 6596 - 74627 = -z*a. Is a a composite number?
False
Let d = 16 + -7. Let p(y) = -18*y**2 + 19*y. Let z(a) = 21*a**2 - 20*a + 1. Let w(f) = -5*p(f) - 4*z(f). Is w(d) composite?
False
Suppose 0 = 12*i - 244 + 316. Let d(j) = -22*j**3 - 10*j**2 + 10*j - 29. Is d(i) composite?
True
Suppose 116*m = 110*m + 24810. Is m composite?
True
Suppose -199050 + 430810 = 19*l - 692533. Is l a prime number?
True
Let y(o) = 2897*o**2 - 34*o - 90. Is y(19) prime?
True
Suppose 34*t - 16068214 - 8084740 = 0. Is t a composite number?
True
Let y(c) = -182*c**2 + 30*c + 12. Let d(z) = -61*z**2 + 10*z + 4. Let s(f) = 17*d(f) - 6*y(f). Suppose -5*j = 54 - 39. Is s(j) prime?
True
Let x(p) = -205*p**2 + 9*p + 3. Let o be x(-4). Let s = 5048 + o. Is s a composite number?
True
Suppose 0 = -2*n - 4 + 54. Let f = n + -4. Suppose b - 314 = -f. Is b prime?
True
Suppose 2*i + 4 = 0, 54*o - 56*o - 4 = 2*i. Let f(r) = r**3 + 194 - r**2 + 6*r**2 - 4*r**2 - 2*r**2 + r. Is f(o) prime?
False
Let t(v) = -87*v**3 - 5*v**2 + 8*v + 1. Let x be t(3). Let k = x - -3586. Is k prime?
True
Let h be 0 + 0 - (0 + -2). Suppose 153 = h*g - 1. Suppose c + x = g, -10 = 3*x + 2*x. Is c prime?
True
Let x(m) = 4*m**3 - 6*m**2 + 7*m - 11. Let g(s) = 11*s + 67. Let v(q) = q + 1. Let k(f) = g(f) - v(f). Let y be k(-6). Is x(y) a prime number?
False
Suppose 5*l = -2*t + 7444, -3*l - 13310 - 5300 = -5*t. Is t prime?
False
Suppose -j = -2*j - 5*h - 10, -5*h = 2*j. Let k be ((-995)/j + 3)*-2. Suppose k = t + 44. Is t prime?
True
Suppose -5*p = -0*p + 30. Let s be (-18)/27*p/2. Suppose -s*g - 6 = -4*g, 3*c = -4*g + 411. Is c composite?
True
Is -7*(-23246 - 45)*(0 - -1) a prime number?
False
Suppose 16*p - 2184624 = 703904. Is p a composite number?
False
Suppose 0 = -97*z + 5721955 + 273906. Is z a prime number?
True
Let f(l) = 305*l + 31. Let s(n) = -152*n - 15. Let w be (5 - (-14)/(-3))*-15. Let i(o) = w*s(o) - 2*f(o). Is i(6) composite?
True
Let h = 129 + -127. Suppose -3*v + 34609 = -h*f, 5573 + 5954 = v - 3*f. Is v a composite number?
True
Suppose 5*s = 4*b - 56, -s + 2*b - 1 - 9 = 0. Let g be (1 - 0)*(1 - s*17). Suppose -7*t = -6*t - g. Is t prime?
False
Suppose 2*o = 11*o + 27. Is (((-50994)/(-15))/o)/((-46)/115) prime?
True
Is ((-129)/(-172) - 19/4) + (3 - -43658) a prime number?
False
Suppose 7*r - 14 = 7. Suppose r*u = 421 + 2840. Is u prime?
True
Let n = -128542 + 574233. Is n a composite number?
False
Let z = 38 - 40. Let p be z/(-6)*15*1. Is 417/(3/p + 0) a prime number?
False
Let b(u) = 911*u + 16. Let i be b(4). Is (-2 + (-1 - 2) - -4) + i prime?
True
Is ((-12)/9)/2*(-77546 - (2 - 7)) a composite number?
True
Suppose 0 = -23*p + 1158 - 928. Let v = -1 + 1. Suppose v = p*k - 6*k - 4276. Is k prime?
True
Suppose 4*c + 11*r - 7*r -